pose -4*u + y + 19 = 0. What is the remainder when u is divided by 3?
2
Suppose -2*j - 6*l = -4*l - 138, -3*j - l + 209 = 0. What is the remainder when j is divided by 9?
7
Let v(i) = -5*i - 1. Let p be -3 + 2 + (-4)/(-2). Let u be -4*(0 - p)*-1. Calculate the remainder when 36 is divided by v(u).
17
Suppose -12 - 6 = 3*y. Let r = 5 - y. What is the remainder when r is divided by 4?
3
Let z(o) = o**2 + 17*o + 68. What is the remainder when z(-16) is divided by 12?
4
Let j(x) = 4*x**2 - 2*x + 1. What is the remainder when j(2) is divided by 4?
1
Let r = 20 - 9. Let q be 387/r - (-10)/(-55). Suppose 0 = -4*p + 3*m + q, 0 = p - 2*p + 2*m + 10. What is the remainder when p is divided by 3?
2
Suppose 0 = -4*u, 5*u = r - 12 + 2. What is the remainder when r is divided by 3?
1
Suppose 3*q + 8 - 20 = -3*y, -3*q + 4*y = -26. Calculate the remainder when 12 is divided by 1 + q*(-2 + 3).
5
Suppose 0 = -4*u - 55 - 13. Let w = -28 + 51. What is the remainder when w is divided by u/(-2) - (-2)/(-4)?
7
Suppose -34 = -s - a, 8 = s - 3*a - 18. What is the remainder when s is divided by 7?
4
Let z(p) = p + 11. Let q be z(-8). Suppose -5*s + 223 = -102. Suppose -s = q*r - 8*r. Calculate the remainder when r is divided by 7.
6
Let t be (-3 + (-5)/(-3))*-3. Calculate the remainder when 26 is divided by (-18)/(-3 - (3 - t)).
8
Suppose 7*h - 60 = 10. Calculate the remainder when (-425)/(-15) + (-2)/6 is divided by h.
8
Let a be (-12)/(-7)*(-8 + -6). Calculate the remainder when 171/4 + (-6)/a is divided by 11.
10
Let m be 4/12 + 2/(-6). Suppose -32 = 4*s - 2*u, -u + 2*u - 4 = m. What is the remainder when 29 is divided by s/27 - 92/(-9)?
9
Suppose -3*k = 5*o - 11, 6*k = -3*o + 4*k + 6. Suppose -8*y + 188 = -o*y. Calculate the remainder when y is divided by 24.
23
Suppose 6*n = 4*n + 80. What is the remainder when 116 is divided by n?
36
Calculate the remainder when 165 is divided by (2/8)/(16/64) - -27.
25
Let i(k) = -15*k**3 - 1. Let l(j) = -j. Calculate the remainder when i(-1) is divided by l(-5).
4
Let j(z) = 4*z - 5*z + 4*z - 5 + 2*z + z**2. What is the remainder when j(-7) is divided by 4?
1
Let s = 62 + -35. Let c = -14 + s. Let a(i) = 36*i**2 - i. What is the remainder when a(-1) is divided by c?
11
Let o(w) = -3*w + 35. What is the remainder when 69 is divided by o(0)?
34
Suppose -36 = -3*k + 39. What is the remainder when k is divided by 7?
4
Suppose -3*p = -2*n - 3 + 390, 3*n = -5*p + 590. Suppose 8*g - 11*g = -n. Calculate the remainder when g is divided by 17.
14
Suppose 5*v - 8 = 3*v, 5*v = -3*h + 20. Let d be 0/(h + 0 + -1). Suppose 0*c + 4*c - 164 = d. What is the remainder when c is divided by 21?
20
Let c(t) = 9*t. Suppose d - 14 = -3*z, z + 4*d = -3*z + 16. Calculate the remainder when c(1) is divided by z.
4
Suppose -3*v = -0 + 45. Let o(j) = 8*j + 6. What is the remainder when o(5) is divided by (-50)/v*72/15?
14
Let l = 240 - 140. Suppose 4*q - 45 = -g, 22 = -2*g - 5*q + l. Calculate the remainder when g is divided by 10.
9
Let a(x) = -x**3 + 7*x**2 + 2*x - 5. Suppose 0 = 4*p + 12 - 72. Calculate the remainder when p is divided by a(7).
6
Let z be (-10 + 0)*(-92)/(-10). What is the remainder when (-24)/42 + z/(-14) is divided by 5?
1
Let z = -99 + 132. What is the remainder when z is divided by 18?
15
Let h = -8 + 5. What is the remainder when h + (2 - (0 - 10)) is divided by (-1)/((-2)/10) - 0?
4
Let o(i) = i + 10. Let u be o(-7). Suppose -u*t = -d - 60 - 38, 42 = t - 5*d. What is the remainder when t is divided by 17?
15
Let u(a) = 36*a + 9. Let r(p) = 18*p + 5. Let s(w) = 7*r(w) - 4*u(w). Calculate the remainder when s(-3) is divided by 14.
11
Let f = 22 + -17. Calculate the remainder when f is divided by 2.
1
Let q(n) = n**2 - 9*n + 8. Let x be q(6). Let i(h) = -h - 13. Let j be i(x). What is the remainder when 15 is divided by 18*1*j/(-6)?
6
Calculate the remainder when 28 is divided by (-27)/(-2) - (-21)/14.
13
Let k(n) = 10*n**2 + 3*n - 2. What is the remainder when k(1) is divided by 7?
4
Let i = 0 + -14. Let f be -2 + 3/((-6)/i). Suppose 2*h - c - 19 = h, 4*h - f*c - 78 = 0. Calculate the remainder when h is divided by 6.
5
Let z be (164/(-4))/(-1 + 0). Let x = -62 + z. Let r = 29 + x. Calculate the remainder when 22 is divided by r.
6
Suppose 10 = -3*t + 5*t. Let m = -2 + t. Suppose -m*l + 27 = -15. Calculate the remainder when 40 is divided by l.
12
Let w(k) = k**3 - 4*k**2 + 3*k + 1. Let v(i) = -5*i**2 - 4*i**3 - 5*i - 5 + i**3 + 4*i**3. Calculate the remainder when v(6) is divided by w(3).
0
Calculate the remainder when 49 is divided by (-47)/(-5) + ((-54)/(-30))/3.
9
Let i be (4 - 5)*6/(-1). Calculate the remainder when (-1 + (-75)/i)*-2 is divided by 14.
13
Let t(i) = -i**3 - 6*i**2 + 5*i - 5. Let u = 3 + -3. Suppose -2*w + w - 7 = u. Calculate the remainder when 16 is divided by t(w).
7
Let y(x) = -3*x**3 - 3*x**2 + x + 4. Let q = 13 - -1. What is the remainder when y(-3) is divided by q?
13
Suppose -4*w + 63 = -5*k, -2*w - 3*w + 89 = 4*k. Calculate the remainder when w is divided by 9.
8
Let p(n) = n**2 - 12*n - 16. Let r(g) = g**3 - 4*g**2 - 3*g + 4. Let a be r(5). Calculate the remainder when 20 is divided by p(a).
8
Suppose 7*l - 6*l - 53 = 0. Calculate the remainder when l is divided by 27.
26
Suppose 39 = 5*d - 16. What is the remainder when 31 is divided by d?
9
Let s = 147 - 123. Calculate the remainder when s is divided by 12.
0
Let o(k) = -k**3 - 5*k**2 - k - 4. Let x be o(-5). Suppose b + x = 0, 5*h + b + b = 228. Calculate the remainder when h is divided by 12.
10
Suppose 2*s = -0 + 4. Suppose -s*w + 56 = -62. What is the remainder when w is divided by 20?
19
Suppose 3*z = z + 46. Suppose -y + 2*y = z. Calculate the remainder when 45 is divided by y.
22
Suppose -99 = -4*q - 5*q. Calculate the remainder when 31 is divided by q.
9
Let n = -31 - -45. Let z(a) = a**2 + 13*a + 27. Calculate the remainder when z(-13) is divided by n.
13
Suppose -3*n + h + 73 = 0, 4*n + 5*h - 48 - 43 = 0. Calculate the remainder when 45 is divided by n.
21
Calculate the remainder when 17 is divided by (1 - -1)/(3/6).
1
Let h(d) = d**3 + d**2 + 2*d - 1. Let p(u) = 7*u + 0*u + 0 + 3 + 3*u. Calculate the remainder when p(4) is divided by h(2).
13
Let u = -11 - -25. Calculate the remainder when 39 is divided by u.
11
Suppose -t - 15 = -2*t. What is the remainder when 43 is divided by t?
13
Let n = 0 + 11. Suppose f - 11 = -3*f + h, 16 = 4*f + 4*h. What is the remainder when n is divided by f?
2
Calculate the remainder when ((-8)/10)/(2/(-155)) is divided by (-271)/(-13) - (-4)/26.
20
Let b(r) = -r**3 - 20*r**2 - 20*r + 6. Calculate the remainder when 70 is divided by b(-19).
20
Suppose -3*h = -2*h - 35. Calculate the remainder when h is divided by 18.
17
Suppose r - 2 = -0. Calculate the remainder when (2/(-6))/((-7)/63) is divided by r.
1
Suppose 0*c + 5*v + 24 = -4*c, -2*c = -3*v + 12. Let q = 30 + c. Calculate the remainder when q is divided by 13.
11
Let n be (-24)/4*(-2)/(-3). Let k = -2 + n. Let p = 12 - k. What is the remainder when p is divided by 10?
8
Suppose -2 - 25 = -3*q. What is the remainder when 34 is divided by q?
7
Calculate the remainder when -1 - (2 + 33)*-1 is divided by 18.
16
Let b(p) = 27 + 2*p + 10 + 0*p - 11. Calculate the remainder when b(0) is divided by 9.
8
Suppose 0 = q - 4*s - 9, 14 + 15 = q + s. Let g = -2 - -4. Suppose g*j - 65 = -3*j. Calculate the remainder when q is divided by j.
12
Let o(z) = -2*z**2 - 11*z - 7. Let d be o(-7). Let r = -20 - d. Calculate the remainder when r is divided by (-10)/((-10 + 2)/4).
3
Suppose t = -j - 3*j + 23, 2*t + 5*j = 40. Suppose 5*d - 5 - 7 = 2*b, -b = 3*d - 5. Suppose -d*m + 19 - 3 = 0. What is the remainder when t is divided by m?
7
Let a = -89 - -175. Suppose 5*z - a = 134. Calculate the remainder when z is divided by 15.
14
Let x(f) = 8 + 5*f - 3*f - f. Suppose 0 = 4*j + 2*q + 2, 3*j - 4*j = -5*q - 27. What is the remainder when j is divided by x(-6)?
0
Suppose -4*t + 2*n = -78, -75 = -t - 4*t - 5*n. What is the remainder when t is divided by 9 - (3 + -1)*-1?
7
Suppose 0 = 2*l - l - 6. Let s(u) = u - 1. Let g be s(l). Suppose g*m - 17 = 8. What is the remainder when m is divided by 3?
2
Suppose r - 2*v = -0*r + 11, 0 = r - 3*v - 15. Suppose -r*s + 12 = s. What is th